ded by 10?
7
What is the remainder when 191444 is divided by 31852?
332
What is the remainder when 345041359 is divided by 41?
37
Calculate the remainder when 409211 is divided by 68028.
1043
Calculate the remainder when 6943523 is divided by 87.
53
What is the remainder when 419687 is divided by 3109?
3081
What is the remainder when 237451 is divided by 118611?
229
Calculate the remainder when 1303928 is divided by 96.
56
Calculate the remainder when 14330 is divided by 387.
11
Calculate the remainder when 6913034 is divided by 864129.
2
Calculate the remainder when 77801 is divided by 284.
269
What is the remainder when 352056 is divided by 10629?
1299
What is the remainder when 19381529 is divided by 1037?
1036
Calculate the remainder when 31033 is divided by 3082.
213
What is the remainder when 11771353 is divided by 153?
145
Calculate the remainder when 8014769 is divided by 12.
5
What is the remainder when 12927078 is divided by 1615881?
30
Calculate the remainder when 6483940 is divided by 24.
4
Calculate the remainder when 139188754 is divided by 798.
796
What is the remainder when 641199 is divided by 320599?
1
What is the remainder when 5236123 is divided by 304?
27
Calculate the remainder when 2913 is divided by 2457.
456
Calculate the remainder when 1984664 is divided by 561.
407
What is the remainder when 501347765 is divided by 7523?
7522
Calculate the remainder when 261390 is divided by 919.
394
What is the remainder when 2488639 is divided by 119?
111
Calculate the remainder when 19057594 is divided by 13.
10
What is the remainder when 3902500 is divided by 487811?
12
What is the remainder when 1068375 is divided by 178027?
213
Calculate the remainder when 2770720 is divided by 937.
11
What is the remainder when 2963509 is divided by 22282?
3
Calculate the remainder when 937104279 is divided by 47.
43
What is the remainder when 12211999 is divided by 50?
49
Calculate the remainder when 67071 is divided by 354.
165
Calculate the remainder when 2213470 is divided by 552605.
3050
Calculate the remainder when 300677 is divided by 478.
15
What is the remainder when 864878 is divided by 467?
461
What is the remainder when 2003475 is divided by 13532?
739
Calculate the remainder when 346179 is divided by 346000.
179
Calculate the remainder when 32725023 is divided by 2803.
2801
Calculate the remainder when 3261014 is divided by 120.
14
What is the remainder when 9515 is divided by 2336?
171
Calculate the remainder when 114413 is divided by 114197.
216
Calculate the remainder when 1457474737 is divided by 20.
17
Calculate the remainder when 533965 is divided by 92.
89
What is the remainder when 282549 is divided by 141274?
1
Calculate the remainder when 10695305 is divided by 99956.
13
Calculate the remainder when 757477 is divided by 10245.
9592
Calculate the remainder when 90508095 is divided by 106.
101
What is the remainder when 387213104 is divided by 86?
82
What is the remainder when 93656 is divided by 1170?
56
Calculate the remainder when 1294238 is divided by 377.
374
What is the remainder when 27142903 is divided by 269?
265
Calculate the remainder when 200428 is divided by 16649.
640
What is the remainder when 573873 is divided by 6?
3
Calculate the remainder when 9444967 is divided by 1379.
196
What is the remainder when 1334422 is divided by 18?
10
What is the remainder when 37816666 is divided by 14053?
43
What is the remainder when 7511429 is divided by 2503807?
8
Calculate the remainder when 451925 is divided by 5137.
5006
What is the remainder when 105769 is divided by 6597?
217
What is the remainder when 2653637 is divided by 1326815?
7
What is the remainder when 543495 is divided by 135835?
155
Calculate the remainder when 98157 is divided by 32524.
585
Calculate the remainder when 5809644 is divided by 726202.
28
What is the remainder when 1391426 is divided by 969?
911
Calculate the remainder when 41720049 is divided by 1405.
1384
What is the remainder when 31086901 is divided by 667?
32
Calculate the remainder when 403214 is divided by 67196.
38
What is the remainder when 522871 is divided by 350?
321
Calculate the remainder when 36118489 is divided by 301.
295
Calculate the remainder when 2482 is divided by 1734.
748
Calculate the remainder when 125848 is divided by 41921.
85
Calculate the remainder when 104402 is divided by 33956.
2534
What is the remainder when 36281 is divided by 5164?
133
What is the remainder when 15822160 is divided by 27?
25
What is the remainder when 200588 is divided by 3036?
212
What is the remainder when 61080 is divided by 2041?
1891
Calculate the remainder when 168976 is divided by 584.
200
What is the remainder when 13473692 is divided by 213?
164
Calculate the remainder when 6122030 is divided by 131.
7
Calculate the remainder when 1303910 is divided by 62.
50
Calculate the remainder when 394143 is divided by 966.
15
Calculate the remainder when 1183708 is divided by 1122.
1120
Calculate the remainder when 3460926 is divided by 132.
18
What is the remainder when 119457 is divided by 269?
21
What is the remainder when 7685338 is divided by 7685209?
129
Calculate the remainder when 1285534 is divided by 824.
94
Calculate the remainder when 17117 is divided by 531.
125
Calculate the remainder when 294680 is divided by 58490.
2230
Calculate the remainder when 13930294 is divided by 23.
22
Calculate the remainder when 12248238 is divided by 10.
8
Calculate the remainder when 15527340 is divided by 17.
16
What is the remainder when 1001258 is divided by 1891?
919
Calculate the remainder when 47042 is divided by 2349.
62
Calculate the remainder when 111114037 is divided by 55557013.
11
What is the remainder when 1107638 is divided by 553808?
22
Calculate the remainder when 2836721 is divided by 1046.
1015
What is the remainder when 100621715 is divided by 380?
375
Calculate the remainder when 31142341 is divided by 66829.
27
Calculate the remainder when 730929 is divided by 145861.
1624
What is the remainder when 3464253 is divided by 4893?
9
What is the remainder when 21084159 is divided by 81406?
5
Calculate the remainder when 11173918 is divided by 1544.
1534
Calculate the remainder when 418052 is divided by 1697.
590
Calculate the remainder when 1160986 is divided by 607.
402
What is the remainder when 4393108 is divided by 219639?
328
What is the remainder when 5883674 is divided by 207?
113
Calculate the remainder when 4602316 is divided by 70799.
381
Calculate the remainder when 684036 is divided by 68394.
96
What is the remainder when 38188 is divided by 891?
766
Calculate the remainder when 4498209 is divided by 68.
9
What is the remainder when 375435 is divided by 93821?
151
Calculate the remainder when 32890 is divided by 2032.
378
Calculate the remainder when 11456412 is divided by 1010.
992
What is the remainder when 246557466 is divided by 409?
405
What is the remainder when 27782 is divided by 27551?
231
What is the remainder when 3036133 is divided by 7516?
7185
Calculate the remainder when 23086681 is divided by 452680.
1
Calculate the remainder when 1101595 is divided by 167.
63
Calculate the remainder when 18193 is divided by 2119.
1241
Calculate the remainder when 8807864 is divided by 4503.
4499
Calculate the remainder when 1372034 is divided by 23.
15
Calculate the remainder when 5842 is divided by 638.
100
Calculate the remainder when 2457663 is divided by 1817.
1079
What is the remainder when 2461 is divided by 1717?
744
What is the remainder when 64040 is divided by 63917?
123
Calculate the remainder when 206773923 is divided by 382.
379
Calculate the remainder when 58645089 is divided by 270.
9
What is the remainder when 584688882 is divided by 3612?
3606
Calculate the remainder when 42174 is divided by 13944.
342
Calculate the remainder when 255510391 is divided by 305.
301
Calculate the remainder when 62219 is divided by 3653.
118
Calculate the remainder when 1484896 is divided by 494299.
1999
What is the remainder when 3765467 is divided by 12?
11
What is the remainder when 325081 is divided by 19121?
24
What is the remainder when 46566718 is divided by 11795?
58
What is the remainder when 2172818 is divided by 2292?
2
Calculate the remainder when 9431581